hat is the units digit of v?
3
Let p(z) = -z**3 - 19*z**2 - 18*z - 5. Let a be p(-18). Suppose -o = -c + 3*c - 18, 0 = -2*o - 3*c + 38. Let m = a + o. What is the tens digit of m?
1
Let d = -209 - -293. Let l = 202 - d. What is the units digit of l?
8
Let i(d) = d - 4. Let s(j) = 7*j**2 - 2*j - 1. Let k be s(-1). Let q be i(k). Let u = 26 - q. What is the tens digit of u?
2
Let a be 7 + (-2 - 0)*1. Let p(c) = c - 8. Let t be p(9). Let f = a - t. What is the units digit of f?
4
Let q = -2 + -23. Let o = -33 + 17. Let u = o - q. What is the units digit of u?
9
Suppose 0 = -194*q + 170*q + 24480. What is the hundreds digit of q?
0
Suppose 43 = -0*t - 2*t + 5*z, -z = -5. What is the hundreds digit of ((-1688)/(-12))/((-6)/t)?
2
Suppose -3*s - 5*o + 7832 = s, 2*s - 2*o = 3916. What is the tens digit of s?
5
Suppose 4*j = -18 + 54. Suppose -2*m - 5*p - 60 = 3*m, 2*p = m + j. Let z = 3 - m. What is the tens digit of z?
1
Let p be (-28 + -2)*(-10)/25. Suppose -4*a - p = -6*a. What is the tens digit of (a/(-4))/((-2)/28)?
2
Suppose 0 = 2*m - 5*c + 71, -2*c = -2*m + 2*c - 70. Let t = 35 - m. What is the units digit of t?
8
Let o(l) = l + 19. Let j be o(-7). Let h = 32 - 14. Let p = h - j. What is the units digit of p?
6
Let t(a) = -a**3 - 6*a**2 + 11*a + 18. Suppose 0 = -5*g - 33 - 7. What is the tens digit of t(g)?
5
Let m = -36 - -68. Let g = 55 - m. What is the tens digit of g?
2
Let o(w) = -4*w**2 - 5*w - 9. Let m be o(-3). Let v = m + 133. What is the hundreds digit of v?
1
Let r = -11819 - -18049. What is the tens digit of r?
3
Let a(p) = p**2 - 5*p + 2. Let s be a(5). Let b be 73*(0 + s - 1). Let h = -35 + b. What is the tens digit of h?
3
Let d(i) = -74*i - 47. What is the units digit of d(-21)?
7
Let v(q) = 7*q**2 - 10*q + 1. Let j be v(4). Let x = j + 53. What is the tens digit of x?
2
Let y be -3*(-3)/(-2)*16. Let v = 234 + y. Suppose -6*s + v = -24. What is the tens digit of s?
3
Let l = 61 + -45. What is the units digit of 345/10*l/6?
2
Let f be (4 - -1) + -2*1/2. Suppose -209 = -y - 2*y + f*l, 3*l = -5*y + 329. What is the tens digit of y?
6
Suppose 30*g - 1140 = 28*g. What is the hundreds digit of g?
5
Let v = -16 - -20. Let o be (6/v)/(30/40). Suppose -4*h - 177 = -3*m, 3*h = -o - 7. What is the units digit of m?
5
Suppose -4*l - 5 = -1, 25 = -2*n - l. Let i = n + 14. Suppose i = -0*f + 2*f, 4*b = f + 11. What is the units digit of b?
3
Let q(o) = o**3 + 11*o**2 + 9*o - 6. Let l be q(-10). Suppose -2*u + 16 = 3*f, -l*f - u + 24 = 3*u. Suppose f*v - 90 = v. What is the tens digit of v?
3
Let k(l) = 8*l**2 + 0*l**2 - 4*l**2 + 0*l**2 - 1 - 3*l. What is the units digit of k(-3)?
4
Let f(v) = -115*v + 14. Let y be f(-5). Suppose y = 5*j + 169. What is the units digit of j?
4
Let g = 430 - 367. What is the units digit of g?
3
Suppose -442*w + 439*w = -7071. What is the units digit of w?
7
Let p be (0 - 20)/(-5) - 0. Suppose 0 = -p*t + 5*t - 46. What is the units digit of t?
6
Suppose -t + 8 = -2*t. Let c(l) = l**3 + 10*l**2 + 13*l + 10. What is the units digit of c(t)?
4
Let o(q) = -2*q - 6. Let j be o(11). Let i = j + 7. What is the units digit of (-42)/(-4)*(-14)/i?
7
What is the thousands digit of 4145 - (52/(-12) + (-14)/(-42))?
4
Let k(w) = -283*w - 54. What is the units digit of k(-15)?
1
Suppose 5*f = -z - 126, -2*z - 5*f - 27 = 245. Let s = 270 + z. What is the tens digit of s/4 + -1 + 1?
3
Let o be (1 + -3)/(20/90). Let f(y) = -y**3 - 10*y**2 - 12*y + 8. Let z be f(o). What is the tens digit of 28/z*(-30)/(-1)?
2
Suppose -o = -4*h - 2*o - 4, -3*h = 4*o + 16. Suppose g - w - 97 = h, g + g - w = 192. What is the tens digit of g?
9
What is the units digit of ((-72)/(-6))/(-4) + (-55)/(-5)?
8
Suppose n = 4*c + 4, -5*n - 3*c + 0*c + 20 = 0. Suppose 9*f - n*f - 876 = 3*x, -5*x = -f + 162. What is the units digit of f?
7
Let t be (1/2)/(1/(-20)). Let p(y) be the second derivative of -y**5/20 - 5*y**4/6 - y**3/2 + 11*y**2/2 - 3*y - 19. What is the units digit of p(t)?
1
What is the thousands digit of 14/6*(-14007)/(-29)?
1
Let a be 2/(-4) + ((-919)/(-2) - 3). What is the tens digit of (a/18)/((-4)/(-6))?
3
What is the units digit of -2 + -7 - 5940/(-20)?
8
Let u be (-18)/(-4) - 3/6. Suppose u*z + z = 55. Let m = z - 7. What is the units digit of m?
4
Let f(s) = -s**3 - 9*s**2 + s + 13. Let z be f(-9). Suppose 141 = -z*a + 597. What is the hundreds digit of a?
1
Let r = -34 - -102. Suppose y + 3*b = -0*b + r, -2*b = -2*y + 128. What is the tens digit of y?
6
Let y be 0*(-4)/12 - -4. Suppose y*f - 2*s = -6*s - 4, -3 = 2*f + 3*s. Suppose f = p - 43 + 12. What is the units digit of p?
1
Let g = 5044 - 2931. What is the units digit of g?
3
What is the tens digit of 11*(-8)/(-10)*12090/156?
8
Let t(j) = 6*j**3 - 5*j**3 - 10 - 3*j + 5*j**2 + 4*j**2. What is the units digit of t(-8)?
8
Suppose 0 = 2*i + 3*i - q - 4, -i + 5 = 4*q. Let f be i/(((-7)/2)/(-7)). What is the units digit of (f + -3)*-32 + -2?
0
What is the hundreds digit of 995*(304/266)/(10/14)?
5
Let h(l) = 52*l**2 + 5*l - 54*l**2 - 5 - l**3 + 5 + 6. What is the tens digit of h(-4)?
1
What is the units digit of (-7864)/10*11/44*-10?
6
Suppose -5*m - r + 6333 = 0, 5*m - 6*r - 6339 = -4*r. What is the thousands digit of m?
1
Suppose -1 = 4*z - 13. Suppose -12 = -i + 4*y, -82 = -5*i - z*y + y. Suppose 0 = -7*c + 6*c + i. What is the units digit of c?
6
Let o(d) = d**3 + d**2 - d + 322. Let p be o(0). Let g = p + -202. What is the units digit of g?
0
Let v = -4 - 6. What is the units digit of 4/(-6)*15/v?
1
Suppose -5 = 2*p + 3, -5*f - 4*p + 1109 = 0. Let x = 412 - f. What is the hundreds digit of x?
1
Suppose -3*h + 6*r - 11*r = -92, -3*r - 108 = -3*h. What is the tens digit of h?
3
Let o(x) = x**3 + 24*x**2 - 5*x - 65. What is the tens digit of o(-9)?
9
Let l(k) = -k**3 + k - 18. Let j be l(0). Let q = j + 10. Let t = q + 35. What is the tens digit of t?
2
Suppose 6*p = 510 + 1092. What is the units digit of p?
7
Suppose -w + 1807 = -5*k, 12*w - 9*w - 2*k - 5486 = 0. What is the hundreds digit of w?
8
Let y = -36 + 113. Suppose 50 + 30 = -4*u. Let m = u + y. What is the tens digit of m?
5
Let q(h) = -h**3 + 21*h**2 + 52*h - 42. What is the units digit of q(21)?
0
Suppose 0 = z - 0*z + 2*r - 32, 36 = z - 2*r. Suppose -116 = 30*j - z*j. What is the tens digit of j?
2
Let y = -2108 + 2415. What is the hundreds digit of y?
3
Let m = 16 + -15. Let x(h) = -15*h**3 + h**2 - 1. Let s be x(m). What is the tens digit of (s + 0)/((-3)/2)?
1
What is the thousands digit of (-2)/(-3)*3 + 1136?
1
Let a(f) = 6*f**2 - 10*f + 23. What is the tens digit of a(8)?
2
Let g(s) = 7*s - 26. Suppose 1 = 3*y + 4, 0 = -f + 5*y + 19. What is the tens digit of g(f)?
7
Suppose -4*b + 6*p + 1773 = 9*p, b = -5*p + 422. What is the hundreds digit of b?
4
Suppose 1 - 6 = -5*v. Let d be 4 - (4/14)/((-31)/(-434)). Suppose d = -c + 3 - v. What is the units digit of c?
2
Let y(q) = q**2 + 16*q + 60. What is the tens digit of y(29)?
6
Suppose 11*d + 2*d = 9360. What is the tens digit of d?
2
Let w(i) = 8*i**2 - 8*i - i + 0 + 5 - 2*i**2. Let p(z) = z**2 + z. Let k(a) = -4*p(a) + w(a). What is the units digit of k(9)?
0
Suppose -6*m = 7 - 19. Let i(a) = 57*a**2 - 2*a. What is the units digit of i(m)?
4
Suppose -3*x = 2*b - 619, -5*x - 3*b + 1029 = -b. Let w = -122 + x. What is the tens digit of w?
8
Suppose 5*c - 5*l = -291 - 84, 2*c + 3*l + 135 = 0. Let j = 171 + c. What is the tens digit of j?
9
Let v(a) be the first derivative of -1 - 1/3*a**3 + 5*a + 9/2*a**2. What is the units digit of v(8)?
3
Suppose 4*b - 3208 = 5*y + 876, -5*y = 2*b - 2012. What is the units digit of b?
6
Suppose 4*h + 3656 = 2*t, 4055 = 5*t + 3*h - 5137. What is the hundreds digit of t?
8
Let n be -14*(240/(-7))/2. Suppose 0*x + n = 4*x. Suppose -3*p = 2*g - x, 2*p + 5*g + 0*g = 29. What is the units digit of p?
2
Let v(o) = o + 7. Let f(d) = -7. Let n = -23 - -17. Let k(w) = n*f(w) - 5*v(w). What is the tens digit of k(-6)?
3
Suppose c - 1 = 3. Suppose m + 420 = c*m. Suppose 0 = 2*t + 4*i - 60, 5*t + 6*i - i - m = 0. What is the units digit of t?
6
Let q(z) = -517*z + 311. What is the units digit of q(-6)?
3
Suppose -9*k + 36 = -5*k. Suppose -4*l + 3*l + 5*r = -15, -3*r - k = 2*l. What is the units digit of -3 - (l - 3) - -7?
7
Let m(g) = -2*g**2 + 2